ltiple of 100?
False
Is 1510 a factor of 62315681?
False
Does 20 divide 29918863?
False
Is 13 a factor of 1944004894?
True
Is 225 a factor of 270883163?
False
Is 67 a factor of 73384008?
False
Is 2 a factor of 2576881?
False
Does 158 divide 1767388?
True
Is 340447536 a multiple of 334?
True
Does 11 divide 148670049?
True
Is 510 a factor of 2816355660?
True
Is 26 a factor of 750468813?
False
Is 842 a factor of 27716956?
True
Does 765 divide 5130036?
False
Is 3678 a factor of 1796129232?
True
Is 27 a factor of 438073137?
True
Does 2682 divide 175567519?
False
Is 5799945 a multiple of 465?
True
Is 422874492 a multiple of 25?
False
Is 20650266 a multiple of 91?
True
Is 48 a factor of 113380272?
True
Is 62533539 a multiple of 238?
False
Does 220 divide 15229440?
False
Does 223 divide 26579593?
True
Is 94785503 a multiple of 970?
False
Is 14 a factor of 503792239?
False
Does 82 divide 64514894?
True
Is 234013964 a multiple of 48?
False
Is 383285650 a multiple of 242?
True
Is 27310263 a multiple of 280?
False
Is 3899 a factor of 209864858?
False
Is 918979402 a multiple of 60?
False
Does 80 divide 73977440?
True
Does 115 divide 419029540?
False
Does 6 divide 19885814?
False
Is 13 a factor of 995874906?
True
Is 5263820089 a multiple of 1636?
False
Does 317 divide 24668306?
True
Is 182647912 a multiple of 19?
True
Is 125 a factor of 17058449?
False
Is 65066303 a multiple of 1271?
True
Is 12352973 a multiple of 37?
False
Is 37 a factor of 77986232?
True
Does 12 divide 7422228?
True
Is 2147508 a multiple of 1914?
True
Does 473 divide 108749322?
True
Does 74 divide 1633159857?
False
Is 1225987 a multiple of 42?
False
Does 1038 divide 12337400?
False
Is 12 a factor of 77362500?
True
Does 27 divide 5242779?
True
Is 111950041 a multiple of 7?
True
Does 24 divide 471860179?
False
Is 73730462 a multiple of 747?
False
Does 167 divide 33687240?
True
Is 12786130 a multiple of 70?
True
Is 575852517 a multiple of 3887?
False
Is 1603 a factor of 113817735?
False
Is 1822984272 a multiple of 357?
False
Is 3543097651 a multiple of 2864?
False
Is 7831044 a multiple of 522?
True
Does 22 divide 34333244?
True
Is 570718881 a multiple of 2200?
False
Is 14 a factor of 25225673?
False
Is 1578324951 a multiple of 16947?
True
Does 3563 divide 3112348197?
True
Is 18785357 a multiple of 830?
False
Does 71 divide 209676419?
True
Does 4 divide 383138200?
True
Is 11758512 a multiple of 796?
True
Is 17 a factor of 1850756?
True
Is 1027371330 a multiple of 30?
True
Is 20 a factor of 62249324?
False
Does 32 divide 72094905?
False
Does 3550 divide 282879936?
False
Does 13 divide 425135841?
True
Does 307 divide 163860636?
True
Is 13394640 a multiple of 56?
True
Is 365212275 a multiple of 1455?
True
Is 1505 a factor of 573335999?
False
Is 8 a factor of 261681920?
True
Is 204712662 a multiple of 462?
True
Is 3923951 a multiple of 138?
False
Is 1121 a factor of 1498433169?
False
Does 25 divide 77679729?
False
Does 54 divide 209754954?
True
Is 1558222923 a multiple of 8?
False
Is 382878328 a multiple of 8?
True
Is 482543301 a multiple of 2?
False
Is 13852 a factor of 1451190928?
True
Is 794 a factor of 266356034?
True
Is 36 a factor of 24623034?
False
Is 184 a factor of 3660263140?
False
Is 8 a factor of 8222392?
True
Does 1272 divide 1623072?
True
Does 61 divide 55809083?
True
Is 25944551 a multiple of 4?
False
Does 81 divide 86613705?
True
Is 7 a factor of 39737537?
True
Is 2893259296 a multiple of 72?
False
Is 977 a factor of 110979384?
True
Does 210 divide 6850620?
True
Is 81619035 a multiple of 3?
True
Is 2391157982 a multiple of 2281?
False
Is 18 a factor of 29923289?
False
Is 17651368 a multiple of 7?
True
Does 3455 divide 707860400?
True
Is 184 a factor of 1402366707?
False
Does 6 divide 838646370?
True
Is 1030 a factor of 120348950?
False
Is 72 a factor of 496690848?
True
Is 3 a factor of 13466379?
True
Is 25780790 a multiple of 5?
True
Does 172 divide 758135111?
False
Is 17 a factor of 3066024829?
False
Does 52 divide 397506800?
False
Does 160 divide 24545398?
False
Does 126 divide 26697081?
False
Is 1235005710 a multiple of 9255?
True
Is 47271712 a multiple of 277?
True
Is 915 a factor of 60382680?
True
Is 333 a factor of 27285819?
False
Is 303358185 a multiple of 61?
True
Is 1488 a factor of 17912330?
False
Does 14 divide 232107932?
True
Is 56037520 a multiple of 605?
True
Is 597153510 a multiple of 42?
False
Does 1629 divide 1613112363?
True
Does 9 divide 281560?
False
Does 106 divide 109498848?
True
Is 26741656 a multiple of 2?
True
Is 3677866941 a multiple of 12177?
False
Is 2297645051 a multiple of 206?
False
Is 28021655 a multiple of 5?
True
Is 3907813767 a multiple of 74?
False
Is 10018800 a multiple of 5?
True
Is 770 a factor of 74953340?
True
Is 3477 a factor of 1754117431?
False
Is 104941356 a multiple of 59?
False
Is 116574908 a multiple of 110?
False
Does 52 divide 175567548?
True
Is 17011830 a multiple of 49?
False
Is 358265218 a multiple of 1380?
False
Does 81 divide 15593229?
True
Is 386 a factor of 227734210?
True
Does 103 divide 435801361?
False
Is 849 a factor of 53554920?
True
Does 421 divide 30080899?
False
Does 976 divide 6899326432?
True
Is 1450 a factor of 2739050?
True
Is 115958920 a multiple of 14?
True
Is 1113 a factor of 71281070?
False
Is 16 a factor of 47878494?
False
Does 23 divide 64244957?
True
Is 100 a factor of 304021300?
True
Is 1637 a factor of 828295808?
True
Does 3 divide 51324378?
True
Does 818 divide 2594454883?
False
Does 29 divide 29546285?
False
Is 1856997828 a multiple of 36?
True
Is 84512835 even?
False
Is 7580 a factor of 5792852913?
False
Is 2435 a factor of 233710347?
False
Is 29 a factor of 307164?
False
Does 2932 divide 1310340650?
False
Is 15995045 a multiple of 59?
False
Is 82776540 a multiple of 3116?
True
Is 21 a factor of 530697956?
False
Is 434634220 a multiple of 20?
True
Does 17 divide 60184931?
False
Is 879 a factor of 393614442?
True
Is 152 a factor of 3248489736?
True
Is 4997761 a multiple of 71?
True
Does 3811 divide 2543895854?
True
Is 172932779 a multiple of 219?
False
Is 6692429 a multiple of 174?
False
Is 112782279 a multiple of 29?
False
Is 46 a factor of 218470991?
False
Does 417 divide 555668635?
False
Is 1438021766 a multiple of 1862?
False
Is 555 a factor of 57504105?
True
Is 36 a factor of 17733489?
False
Is 5 a factor of 11386245?
True
Does 4672 divide 164558273?
False
Is 943454446 a multiple of 370?
False
Does 529 divide 9437565?
False
Does 327 divide 1671290921?
False
Is 119 a factor of 23442977?
False
Is 157 a factor of 92851316?
False
Is 976 a factor of 30330176?
True
Is 11997576 a multiple of 1779?
True
Is 12 a factor of 88098516?
True
Is 18 a factor of 2637060318?
True
Does 136 divide 163453640?
True
Is 70620276 a multiple of 576?
False
Is 11246625 a multiple of 29?
False
Does 8926 divide 1052482512?
True
Is 26852265 a multiple of 15?
True
Is 272 a factor of 100377958?
False
Is 47201439 a multiple of 592?
False
Does 74 divide 772932825?
False
Is 32 a factor of 70457194?
False
Does 732 divide 2015044?
False
Does 22 divide 41090893?
False
Is 968 a factor of 186150116?
False
Does 10 divide 6740117?
False
Is 13760544 a multiple of 24?
True
Is 202 a factor of 45447980?
True
Does 128 divide 52823296?
True
Is 2365 a factor of 212329700?
True
Is 190021164 a multiple of 9?
False
Does 46 divide 48536072?
True
Does 356 divide 197489862?
False
Is 77447080 a multiple of 443?
False
Is 2478 a factor of 180191604?
False
Is 27013648 a multiple of 522?
False
Is 14752446 a multiple of 53?
False
Is 31 a factor of 287871239?
True
Is 55114150 a multiple of 70?
True
Does 338 divide 830403808?
True
Is 6759421 a multiple of 4?
False
Is 724447296 a multiple of 36?
True
Is 386225319 a multiple of 10?
False
Is 107691627 a multiple of 434?
False
Is 1306548034 a multiple of 22?
True
Does 651 divide 439799235?
False
Does 482 divide 11121668?
True
Is 958 a factor of 2444127198?
True
Does 22 divide 2052307180?
True
Is 3198810533 a multiple of 776?
False
Is 2130 a factor of 52344750?
True
Is 39 a factor of 7254240?
False
Does 34 divide 107982946?
True
Does 1140 divide 9878100?
True
Is 532 a factor of 29118961?
False
Is 639023382 a multiple of 890?
False
Is 411043696 a multiple of 7?
True
Does 45 divide 60527642?
False
Is 18919246 a 